t w(l) = -l**2 - 7*l - 1. Let b be w(-6). Let k(g) = 102 - 37 - 32 - 29 - g. Calculate k(b).
-1
Let p(l) = -2*l + 3. Let m(u) = u - 2. Let a(z) = -6*m(z) - p(z). What is a(3)?
-3
Suppose 14*k = -3*u + 12*k - 4, k = 4*u - 2. Let a(b) = -b**3 - b**2 + b + 5. Let d be a(u). Let j(i) = 6*i - 4. Determine j(d).
26
Let l(k) = 11. Let a(r) = -r + 7. Let c(i) = 5*a(i) - 4*l(i). Give c(4).
-29
Let h = 358 - 358. Let j(n) = -6*n - 9. Let d(w) = -w. Let g(t) = -5*d(t) + j(t). What is g(h)?
-9
Suppose -a - 5*z = -6*z - 2, -2*a = 3*z + 6. Let k(d) = -d + 21. Give k(a).
21
Let i(x) be the first derivative of -8*x + 0*x**3 - 8*x**2 + 1 + 1/12*x**4. Let q(y) be the first derivative of i(y). Calculate q(0).
-16
Let j(c) be the third derivative of c**4/24 + c**3/3 - 3*c**2. Suppose 2*r = 2 - 24. Let s be r/2 - 2/(-4). Determine j(s).
-3
Let x(a) be the second derivative of -a**5/20 + 2*a**4/3 + a**3/2 + 3*a**2 - 24*a + 1. Calculate x(9).
-48
Let f(g) = g**2 + g - 4*g + 8 - 8*g. Let p(n) = -1179*n - 12961. Let h be p(-11). Give f(h).
-16
Let v(z) = 11*z**2 + 2*z + 4*z - 2 + z - 17*z**2 - 3*z. Calculate v(2).
-18
Let w(z) be the second derivative of z**4/2 + z. Suppose -5*q = -4*t - 42 + 33, -2*t - 4*q = -2. Calculate w(t).
6
Let b(h) = -7*h + 42. Let d(a) = -1. Let j(y) = -b(y) - 42*d(y). What is j(-1)?
-7
Let x(u) = u**2 - 7. Let s(o) = o**2 - 11*o + 12. Let n be s(10). Suppose -n*w - 3*w = -25. Suppose -r = -w*b - 0*b + 5, -1 = -2*r - b. Determine x(r).
-7
Let c(i) = i**3 + 8*i**2 + 7*i + 3. Let t(p) = 2*p**3 + 6*p**2 - 8*p - 7. Let v be t(-4). What is c(v)?
3
Let q(l) = -l**3 - 6*l**2 + 6. Let d(m) = 21*m**2 + 3*m + 2. Let g be d(-2). Suppose -3*c = c - g. Let k = 14 - c. Determine q(k).
6
Let q = -8 - -11. Let w(s) = -s + 0*s + 0 - 9 + 11. Calculate w(q).
-1
Suppose 0 = 3*q - 3*x - x - 6, 3*q = -3*x + 6. Let p(b) = 6*b - 10. Let t be p(2). Let l(a) = -t*a + 2 - 1 - 3 - q*a**2. Calculate l(-2).
-6
Let f(h) = 6*h**3 - 3 - 2 + h**2 + h - 5*h**3. Let x be (8/(-6))/(1/(-21)). Let c = -28 + x. What is f(c)?
-5
Let k(o) = -49 - 6*o + 47 + 7*o. Determine k(-5).
-7
Let d be (-8)/(-10) + ((-16)/20 - -1). Let v(u) = u - 4*u + 5*u + 0*u - d + u**3. Determine v(2).
11
Let z(f) = f**3 + 8*f**2 + 3*f - 4. Let h(y) = 5*y + 202. Let b be h(-42). What is z(b)?
-28
Let j(c) be the first derivative of c**3/3 - 2*c**2 - 3*c - 65. Suppose 3*l = 19 - 4. Calculate j(l).
2
Let o(c) = 2*c**2 - 25*c - 18. Let v be o(13). Let l(z) = -5*z - 10. Give l(v).
15
Suppose 21*m + 192 = -11*m. Let i(o) = -o - 4. What is i(m)?
2
Let m(f) = 66*f - 31*f - 36*f. Calculate m(3).
-3
Let u = 811 + -799. Let q(h) = h**3 - 11*h**2 - 14*h + 25. Determine q(u).
1
Let u(m) = -m**3 - 14*m**2 - 12*m - 4. Let c be u(-14). Let g be c/(-16) - 10/(-8). Let a(n) = -n**2 - 9*n - 2. Determine a(g).
-2
Let g(c) = c**2 + 60*c + 505. Let k be g(-50). Let j(a) be the first derivative of -a**4/4 + 7*a**3/3 - 4*a**2 + 6*a + 1. What is j(k)?
16
Let n be (-21)/(-7) + 0 + 1. Let v = 84 - 81. Let h(b) = 1 + v*b + b - n - 3*b. Give h(-6).
-9
Let x(c) = -11*c + 357. Let n be x(33). Suppose 2*l + 12 = -t + 3*t, 5*l + 26 = 3*t. Let g(i) = 1 + 4*i - i**3 + 7*i**2 + 0 + t*i**3. Give g(n).
13
Let t be (5/(-1) - -2) + 84/28. Let i(n) be the third derivative of t*n + n**2 + 7/6*n**3 - 1/12*n**4 + 0. Give i(5).
-3
Suppose -5*p + 0*j + 18 = -2*j, -3*j = -2*p + 5. Let c be -11 + 12 + p + 0. Suppose -c*w - 20 = 5*n, 2*n + 3*n = -10. Let x(k) = 2*k**3 + k**2. What is x(w)?
-12
Let n(t) = t**2 - t - 1. Let x(h) = 5*h**2 - 3*h - 5. Let s(i) = -9*n(i) + 2*x(i). Let f = 2 + -1. Let y be (-2)/3*(4/2 + f). Calculate s(y).
-3
Let o(t) = 17*t + 323. Let f be o(-19). Let b(l) = l**2 - l + 30. Determine b(f).
30
Let t be 9/2 - (-2)/4. Let j(m) = -14*m**2 - 25*m - 8. Let s(f) = -3*f**2 - 6*f - 2. Let n(h) = 2*j(h) - 9*s(h). Calculate n(t).
-3
Let i(x) = -x + 2. Suppose -t + 2*l = -4, -5*l - 15 = -5*t - 5. What is i(t)?
2
Suppose -132*g - 24 = -140*g. Let l(j) = -j**3 + 3*j**2 - 4*j + 7. Determine l(g).
-5
Let a(p) = 53*p + 19. Let o(x) = 114*x + 39. Let z(q) = -13*a(q) + 6*o(q). Determine z(0).
-13
Let m(n) be the third derivative of n**5/60 + n**4/24 - n**3/2 + 9*n**2 - 18*n. Let d = -14 - -10. What is m(d)?
9
Let h(b) = 2*b. Let g(v) = -7*v - 93. Let y(j) = -4*j - 47. Let n(z) = 6*g(z) - 13*y(z). Let p be n(-5). Calculate h(p).
6
Let u(b) = -2*b - 1. Suppose 15*j - 18*j = -a - 9, -4*a - 6 = 3*j. What is u(a)?
5
Let g(n) = n**2 + 4*n - 5. Let i be g(3). Let d(m) = -41 + i + 9 + 10 - m. Let t be 1/((-4)/10)*2. Calculate d(t).
-1
Let a(p) = -p**3 + 5*p**2 + 5*p + 3. Let u(h) = -27*h - 23*h + 42*h - 2. Let t be u(-1). Calculate a(t).
-3
Suppose 0 = -5*d + 2*d + 72. Let u(s) = -s**2 + 21*s + 67. Determine u(d).
-5
Let d = 648 + -645. Let w(j) be the second derivative of -1/2*j**2 + 0 - 1/2*j**d - 4*j. Determine w(-3).
8
Let z(w) = -18*w - 6 - 5*w + 37*w + 4 - 5*w. Suppose 0 = 4*d, 4*i - 3*d + 8 = -0*d. Calculate z(i).
-20
Let h(z) be the second derivative of -z**5/20 + 5*z**4/12 - 5*z**3/6 + 5*z**2 - 2*z - 84. Calculate h(4).
6
Let b(s) = -4*s**2 - 7*s + 6. Let k(l) = -5*l**2 - 8*l + 7. Let i = 34 + -37. Let a(d) = i*k(d) + 4*b(d). Calculate a(-4).
3
Suppose 6*b - 35 = b. Let l be (-3 - b)/(-1 - 1). Let x(v) = 3*v - 3*v**3 - 3*v**3 + 5*v**3 + 5*v**2 - l. Determine x(5).
10
Let n be (0 - 8) + (2 + -5 - -13). Let g(m) = 3*m**3 + 2*m**2 - m + 3. Give g(n).
33
Let s(t) = t - 4. Let i = -166 + 89. Let a = 82 + i. Calculate s(a).
1
Let k(c) be the third derivative of -c**4/8 + 10*c**3/3 - 3*c**2. Let n be k(12). Let o be 4/(-2) + 64/n. Let b(z) = z**2 + 4*z. Determine b(o).
12
Let d(f) = 241*f**2 + 103*f**3 - 102*f**3 - 240*f**2 - 2 - 5*f. What is d(-4)?
-30
Let v(h) be the second derivative of -h - h**3 + 1/12*h**4 - 1/2*h**2 + 0. Suppose -9724 + 9808 = 14*z. What is v(z)?
-1
Let c(w) be the third derivative of 0*w + 1/120*w**6 + 0 + 0*w**3 + 7/60*w**5 - 1/3*w**4 + 22*w**2. Give c(-8).
0
Let k(h) = h**3 - 9*h**2 - 9*h - 7. Let j be k(10). Let g(a) = 0*a**2 - j*a + 2*a + 0 + a**2 - 9. Give g(0).
-9
Suppose 45 - 493 = 56*l. Let h(t) be the second derivative of t**4/12 + t**3 - 11*t**2/2 + t. Calculate h(l).
5
Suppose o = 2*k - 40, -7*k + 3*k = 2*o + 56. Let z = o + 29. Let b(g) = g**2 + 7*g - 2. Calculate b(z).
-12
Let n(h) be the third derivative of h**6/120 - h**5/3 + 5*h**4/6 - 13*h**3/3 - 4*h**2 + 6. What is n(19)?
-7
Let u(r) = r + 4. Let a be ((-14)/(-8))/(2*(-1)/(-40)). Suppose -a = 4*d + d. Calculate u(d).
-3
Let r(o) = 2*o**2 + 23*o + 54. Let d(l) = l**2 + 11*l + 27. Let p(m) = 11*d(m) - 6*r(m). Determine p(-16).
-11
Let n be 65/(-10) + 1/(-2). Let l(m) = -m**3 + 4*m**2 - 3*m. Let c be l(3). Let f(i) = 0 + i + i**2 + c*i + 4*i - 9. Give f(n).
5
Let j(n) = -3*n - 36 + 3*n + 38 - 4*n. What is j(8)?
-30
Let d(a) = -5*a**2 - 34*a + 105. Let g be d(-9). Let z(l) = -3*l - 2 + l + 1. Determine z(g).
-13
Let j(l) = l**3 + 28*l**2 - 29*l - 2. Let p be j(-29). Let u be (2 - 1)/3*9. Let r(n) = 2*n + u + 4*n - n**2 - 3*n - n**3. Calculate r(p).
1
Let n(d) be the third derivative of 0*d**3 - 1/24*d**4 - 1/720*d**6 + 1/60*d**5 + 0*d + 0 - 5*d**2. Let i(a) be the second derivative of n(a). Determine i(-6).
8
Let h = 6 - 3. Let a be 11 + (1 - (h - -1)). Let m be (a/16)/((-2)/4). Let o(s) = -2*s**3 - 2*s**2 - s. Determine o(m).
1
Let a be 4/(8/2)*5. Suppose -h + a - 21 = 0. Let m(r) = -r**2 - 17*r - 21. Let n be m(h). Let i(d) = 3*d + 6. Calculate i(n).
-9
Suppose -5 = -5*u, 3*k - 5*u + 3 - 4 = 0. Let h(r) = 56*r - 56*r + 6*r**k. Let p be 6/4*(-2)/3. Calculate h(p).
6
Let c be (-6)/(-9) + (-34)/(-3). Let k(y) = 3*y**2 + y**2 - y**3 - 7 + 2*y**2 - 11*y + c*y. Give k(6).
-1
Suppose 12*q - 11*q = -3. Let v(l) = -4*l + 1. Let g(t) = 3*t - 1. Let j(n) = q*g(n) - 2*v(n). What is j(-6)?
7
Let g be (-1)/(-1*(-3 - -4)). Suppose 3*w = 4*a + 11, -3 = -w + a + g. Suppose -p - 8 = -3*m, -w*m - 10 = p + 2*p. Let n(f) = 7*f. Calculate n(m).
7
Let p(o) = -o**2 + 4. Let t = 92 + -50. Let m be (-1)/(28/t*1/2). What is p(m)?
-5
Suppose 10 = 3*z - 2*q, 10 = 5*z + 3*q - 32. Let d = -12 + z. Let p(l) = -l**2 - 6*l - 3. Give p(d).
-3
Let y = -18 + 10. Let a(n) = 37*n + 16*n**2 + 2*n + 12*n + 36. Let c(d) = 3*d**2 + 10*d + 7. Let v(s) = 2*a(s) - 11*c(s). Calculate v(y).
-5
Let w = 9/34